{"id":1790,"date":"2021-02-24T17:21:15","date_gmt":"2021-02-24T17:21:15","guid":{"rendered":"https:\/\/coiffurekatrin.ch\/ck\/?page_id=1790"},"modified":"2021-02-24T17:29:48","modified_gmt":"2021-02-24T17:29:48","slug":"ultraschall","status":"publish","type":"page","link":"https:\/\/coiffurekatrin.ch\/ck\/ultraschall\/","title":{"rendered":"Ultraschall"},"content":{"rendered":"<div class=\"wpb-content-wrapper\"><p>[vc_row][vc_column width=&#187;1\/2&#8243;]<div style=\"height:60px\" class=\"ozy-spacer\"><\/div>[vc_column_text]<\/p>\n<h3>Ultraschall mit dem REVIDERM cellJET oder dem REVIDERM SkinPeeler<\/h3>\n<p>Die innovative Technologie wird wahlweise vom Hautexperten w\u00e4hrend einer Behandlung oder als sog. Home Use Kur durchgef\u00fchrt: Je nach individuellem Pflegeziel wird das Ger\u00e4t programmiert und die passende Kur ausgew\u00e4hlt.<\/p>\n<p>Ultraschallwellen massieren das Gewebe, straffen die Haut und steigern ihre Widerstandskraft.[\/vc_column_text][vc_single_image image=&#187;1781&#8243; img_size=&#187;large&#187; alignment=&#187;center&#187;][\/vc_column][vc_column width=&#187;1\/2&#8243;]<div style=\"height:60px\" class=\"ozy-spacer\"><\/div>[vc_text_separator title=&#187;&#187; style=&#187;shadow&#187;][vc_column_text]<\/p>\n<div class=\"et_pb_module et_pb_text et_pb_text_1 et_pb_text_align_left et_pb_bg_layout_light\">\n<div class=\"et_pb_text_inner\">\n<h3>Ideal bei<\/h3>\n<\/div>\n<\/div>\n<div class=\"et_pb_module et_pb_text et_pb_text_2 et_pb_text_align_left et_pb_bg_layout_light\">\n<div class=\"et_pb_text_inner\">\n<ul>\n<li>Falten<\/li>\n<li>Spannkraftverlust<\/li>\n<li>Unreiner Haut<\/li>\n<li>Sensibler Haut<\/li>\n<\/ul>\n<\/div>\n<\/div>\n<div id=\"gtx-trans\" style=\"position: absolute; left: 33px; top: 76.8125px;\">\n<div class=\"gtx-trans-icon\"><\/div>\n<\/div>\n<p>[\/vc_column_text][vc_text_separator style=&#187;shadow&#187;][\/vc_column][\/vc_row]<\/p>\n<\/div>","protected":false},"excerpt":{"rendered":"<p>[vc_row][vc_column width=&#187;1\/2&#8243;][vc_column_text] Ultraschall mit dem REVIDERM cellJET oder dem REVIDERM SkinPeeler Die innovative Technologie wird wahlweise vom Hautexperten w\u00e4hrend einer Behandlung oder als sog. Home Use Kur durchgef\u00fchrt: Je nach [&hellip;]<\/p>\n","protected":false},"author":1,"featured_media":0,"parent":0,"menu_order":0,"comment_status":"closed","ping_status":"closed","template":"","meta":{"footnotes":""},"class_list":["post-1790","page","type-page","status-publish","hentry"],"yoast_head":"<!-- This site is optimized with the Yoast SEO plugin v27.4 - https:\/\/yoast.com\/product\/yoast-seo-wordpress\/ -->\n<title>Ultraschall | Coiffure &amp; Kosmetik Katrin - Zuchwil<\/title>\n<meta name=\"description\" content=\"Ultraschall | Coiffure &amp; Kosmetik Katrin - Zuchwil %\" \/>\n<meta name=\"robots\" content=\"index, follow, max-snippet:-1, max-image-preview:large, max-video-preview:-1\" \/>\n<link rel=\"canonical\" href=\"https:\/\/coiffurekatrin.ch\/ck\/ultraschall\/\" \/>\n<meta property=\"og:locale\" content=\"de_DE\" \/>\n<meta property=\"og:type\" content=\"article\" \/>\n<meta property=\"og:title\" content=\"Ultraschall | Coiffure &amp; Kosmetik Katrin - Zuchwil\" \/>\n<meta property=\"og:description\" content=\"Ultraschall | Coiffure &amp; Kosmetik Katrin - Zuchwil %\" \/>\n<meta property=\"og:url\" content=\"https:\/\/coiffurekatrin.ch\/ck\/ultraschall\/\" \/>\n<meta property=\"og:site_name\" content=\"Coiffure &amp; Kosmetik Katrin - Zuchwil\" \/>\n<meta property=\"article:publisher\" content=\"https:\/\/www.facebook.com\/coiffurekatrin\/\" \/>\n<meta property=\"article:modified_time\" content=\"2021-02-24T17:29:48+00:00\" \/>\n<meta name=\"twitter:label1\" content=\"Gesch\u00e4tzte Lesezeit\" \/>\n\t<meta name=\"twitter:data1\" content=\"1\u00a0Minute\" \/>\n<script type=\"application\/ld+json\" class=\"yoast-schema-graph\">{\"@context\":\"https:\\\/\\\/schema.org\",\"@graph\":[{\"@type\":\"WebPage\",\"@id\":\"https:\\\/\\\/coiffurekatrin.ch\\\/ck\\\/ultraschall\\\/\",\"url\":\"https:\\\/\\\/coiffurekatrin.ch\\\/ck\\\/ultraschall\\\/\",\"name\":\"Ultraschall | Coiffure &amp; Kosmetik Katrin - Zuchwil\",\"isPartOf\":{\"@id\":\"https:\\\/\\\/coiffurekatrin.ch\\\/ck\\\/#website\"},\"datePublished\":\"2021-02-24T17:21:15+00:00\",\"dateModified\":\"2021-02-24T17:29:48+00:00\",\"description\":\"Ultraschall | Coiffure &amp; Kosmetik Katrin - Zuchwil %\",\"breadcrumb\":{\"@id\":\"https:\\\/\\\/coiffurekatrin.ch\\\/ck\\\/ultraschall\\\/#breadcrumb\"},\"inLanguage\":\"de-CH\",\"potentialAction\":[{\"@type\":\"ReadAction\",\"target\":[\"https:\\\/\\\/coiffurekatrin.ch\\\/ck\\\/ultraschall\\\/\"]}]},{\"@type\":\"BreadcrumbList\",\"@id\":\"https:\\\/\\\/coiffurekatrin.ch\\\/ck\\\/ultraschall\\\/#breadcrumb\",\"itemListElement\":[{\"@type\":\"ListItem\",\"position\":1,\"name\":\"Home\",\"item\":\"https:\\\/\\\/coiffurekatrin.ch\\\/ck\\\/\"},{\"@type\":\"ListItem\",\"position\":2,\"name\":\"Ultraschall\"}]},{\"@type\":\"WebSite\",\"@id\":\"https:\\\/\\\/coiffurekatrin.ch\\\/ck\\\/#website\",\"url\":\"https:\\\/\\\/coiffurekatrin.ch\\\/ck\\\/\",\"name\":\"Coiffure &amp; Kosmetik Katrin - Zuchwil\",\"description\":\"Ihr Coiffeursalon &amp; Kosmetikstudio in Zuchwil\",\"publisher\":{\"@id\":\"https:\\\/\\\/coiffurekatrin.ch\\\/ck\\\/#organization\"},\"potentialAction\":[{\"@type\":\"SearchAction\",\"target\":{\"@type\":\"EntryPoint\",\"urlTemplate\":\"https:\\\/\\\/coiffurekatrin.ch\\\/ck\\\/?s={search_term_string}\"},\"query-input\":{\"@type\":\"PropertyValueSpecification\",\"valueRequired\":true,\"valueName\":\"search_term_string\"}}],\"inLanguage\":\"de-CH\"},{\"@type\":\"Organization\",\"@id\":\"https:\\\/\\\/coiffurekatrin.ch\\\/ck\\\/#organization\",\"name\":\"Coiffure & Kosmetik Katrin\",\"url\":\"https:\\\/\\\/coiffurekatrin.ch\\\/ck\\\/\",\"logo\":{\"@type\":\"ImageObject\",\"inLanguage\":\"de-CH\",\"@id\":\"https:\\\/\\\/coiffurekatrin.ch\\\/ck\\\/#\\\/schema\\\/logo\\\/image\\\/\",\"url\":\"https:\\\/\\\/coiffurekatrin.ch\\\/ck\\\/wp-content\\\/uploads\\\/2021\\\/01\\\/Logo_CK-Katrin-1.png\",\"contentUrl\":\"https:\\\/\\\/coiffurekatrin.ch\\\/ck\\\/wp-content\\\/uploads\\\/2021\\\/01\\\/Logo_CK-Katrin-1.png\",\"width\":286,\"height\":31,\"caption\":\"Coiffure & Kosmetik Katrin\"},\"image\":{\"@id\":\"https:\\\/\\\/coiffurekatrin.ch\\\/ck\\\/#\\\/schema\\\/logo\\\/image\\\/\"},\"sameAs\":[\"https:\\\/\\\/www.facebook.com\\\/coiffurekatrin\\\/\"]}]}<\/script>\n<!-- \/ Yoast SEO plugin. -->","yoast_head_json":{"title":"Ultraschall | Coiffure &amp; Kosmetik Katrin - Zuchwil","description":"Ultraschall | Coiffure &amp; Kosmetik Katrin - Zuchwil %","robots":{"index":"index","follow":"follow","max-snippet":"max-snippet:-1","max-image-preview":"max-image-preview:large","max-video-preview":"max-video-preview:-1"},"canonical":"https:\/\/coiffurekatrin.ch\/ck\/ultraschall\/","og_locale":"de_DE","og_type":"article","og_title":"Ultraschall | Coiffure &amp; Kosmetik Katrin - Zuchwil","og_description":"Ultraschall | Coiffure &amp; Kosmetik Katrin - Zuchwil %","og_url":"https:\/\/coiffurekatrin.ch\/ck\/ultraschall\/","og_site_name":"Coiffure &amp; Kosmetik Katrin - Zuchwil","article_publisher":"https:\/\/www.facebook.com\/coiffurekatrin\/","article_modified_time":"2021-02-24T17:29:48+00:00","twitter_misc":{"Gesch\u00e4tzte Lesezeit":"1\u00a0Minute"},"schema":{"@context":"https:\/\/schema.org","@graph":[{"@type":"WebPage","@id":"https:\/\/coiffurekatrin.ch\/ck\/ultraschall\/","url":"https:\/\/coiffurekatrin.ch\/ck\/ultraschall\/","name":"Ultraschall | Coiffure &amp; Kosmetik Katrin - Zuchwil","isPartOf":{"@id":"https:\/\/coiffurekatrin.ch\/ck\/#website"},"datePublished":"2021-02-24T17:21:15+00:00","dateModified":"2021-02-24T17:29:48+00:00","description":"Ultraschall | Coiffure &amp; Kosmetik Katrin - Zuchwil %","breadcrumb":{"@id":"https:\/\/coiffurekatrin.ch\/ck\/ultraschall\/#breadcrumb"},"inLanguage":"de-CH","potentialAction":[{"@type":"ReadAction","target":["https:\/\/coiffurekatrin.ch\/ck\/ultraschall\/"]}]},{"@type":"BreadcrumbList","@id":"https:\/\/coiffurekatrin.ch\/ck\/ultraschall\/#breadcrumb","itemListElement":[{"@type":"ListItem","position":1,"name":"Home","item":"https:\/\/coiffurekatrin.ch\/ck\/"},{"@type":"ListItem","position":2,"name":"Ultraschall"}]},{"@type":"WebSite","@id":"https:\/\/coiffurekatrin.ch\/ck\/#website","url":"https:\/\/coiffurekatrin.ch\/ck\/","name":"Coiffure &amp; Kosmetik Katrin - Zuchwil","description":"Ihr Coiffeursalon &amp; Kosmetikstudio in Zuchwil","publisher":{"@id":"https:\/\/coiffurekatrin.ch\/ck\/#organization"},"potentialAction":[{"@type":"SearchAction","target":{"@type":"EntryPoint","urlTemplate":"https:\/\/coiffurekatrin.ch\/ck\/?s={search_term_string}"},"query-input":{"@type":"PropertyValueSpecification","valueRequired":true,"valueName":"search_term_string"}}],"inLanguage":"de-CH"},{"@type":"Organization","@id":"https:\/\/coiffurekatrin.ch\/ck\/#organization","name":"Coiffure & Kosmetik Katrin","url":"https:\/\/coiffurekatrin.ch\/ck\/","logo":{"@type":"ImageObject","inLanguage":"de-CH","@id":"https:\/\/coiffurekatrin.ch\/ck\/#\/schema\/logo\/image\/","url":"https:\/\/coiffurekatrin.ch\/ck\/wp-content\/uploads\/2021\/01\/Logo_CK-Katrin-1.png","contentUrl":"https:\/\/coiffurekatrin.ch\/ck\/wp-content\/uploads\/2021\/01\/Logo_CK-Katrin-1.png","width":286,"height":31,"caption":"Coiffure & Kosmetik Katrin"},"image":{"@id":"https:\/\/coiffurekatrin.ch\/ck\/#\/schema\/logo\/image\/"},"sameAs":["https:\/\/www.facebook.com\/coiffurekatrin\/"]}]}},"_links":{"self":[{"href":"https:\/\/coiffurekatrin.ch\/ck\/wp-json\/wp\/v2\/pages\/1790","targetHints":{"allow":["GET"]}}],"collection":[{"href":"https:\/\/coiffurekatrin.ch\/ck\/wp-json\/wp\/v2\/pages"}],"about":[{"href":"https:\/\/coiffurekatrin.ch\/ck\/wp-json\/wp\/v2\/types\/page"}],"author":[{"embeddable":true,"href":"https:\/\/coiffurekatrin.ch\/ck\/wp-json\/wp\/v2\/users\/1"}],"replies":[{"embeddable":true,"href":"https:\/\/coiffurekatrin.ch\/ck\/wp-json\/wp\/v2\/comments?post=1790"}],"version-history":[{"count":6,"href":"https:\/\/coiffurekatrin.ch\/ck\/wp-json\/wp\/v2\/pages\/1790\/revisions"}],"predecessor-version":[{"id":1792,"href":"https:\/\/coiffurekatrin.ch\/ck\/wp-json\/wp\/v2\/pages\/1790\/revisions\/1792"}],"wp:attachment":[{"href":"https:\/\/coiffurekatrin.ch\/ck\/wp-json\/wp\/v2\/media?parent=1790"}],"curies":[{"name":"wp","href":"https:\/\/api.w.org\/{rel}","templated":true}]}}

<div class="wpb-content-wrapper"><p>[vc_row][vc_column width=&#187;1/2&#8243;]<div style="height:60px" class="ozy-spacer"></div>[vc_column_text]</p>
<h3>Ultraschall mit dem REVIDERM cellJET oder dem REVIDERM SkinPeeler</h3>
<p>Die innovative Technologie wird wahlweise vom Hautexperten während einer Behandlung oder als sog. Home Use Kur durchgeführt: Je nach individuellem Pflegeziel wird das Gerät programmiert und die passende Kur ausgewählt.</p>
<p>Ultraschallwellen massieren das Gewebe, straffen die Haut und steigern ihre Widerstandskraft.[/vc_column_text][vc_single_image image=&#187;1781&#8243; img_size=&#187;large&#187; alignment=&#187;center&#187;][/vc_column][vc_column width=&#187;1/2&#8243;]<div style="height:60px" class="ozy-spacer"></div>[vc_text_separator title=&#187;&#187; style=&#187;shadow&#187;][vc_column_text]</p>
<div class="et_pb_module et_pb_text et_pb_text_1 et_pb_text_align_left et_pb_bg_layout_light">
<div class="et_pb_text_inner">
<h3>Ideal bei</h3>
</div>
</div>
<div class="et_pb_module et_pb_text et_pb_text_2 et_pb_text_align_left et_pb_bg_layout_light">
<div class="et_pb_text_inner">
<ul>
<li>Falten</li>
<li>Spannkraftverlust</li>
<li>Unreiner Haut</li>
<li>Sensibler Haut</li>
</ul>
</div>
</div>
<div id="gtx-trans" style="position: absolute; left: 33px; top: 76.8125px;">
<div class="gtx-trans-icon"></div>
</div>
<p>[/vc_column_text][vc_text_separator style=&#187;shadow&#187;][/vc_column][/vc_row]</p>
</div>

<p>[vc_row][vc_column width=&#187;1/2&#8243;][vc_column_text] Ultraschall mit dem REVIDERM cellJET oder dem REVIDERM SkinPeeler Die innovative Technologie wird wahlweise vom Hautexperten während einer Behandlung oder als sog. Home Use Kur durchgeführt: Je nach [&hellip;]</p>

<!-- This site is optimized with the Yoast SEO plugin v27.4 - https://yoast.com/product/yoast-seo-wordpress/ -->
<title>Ultraschall | Coiffure &amp; Kosmetik Katrin - Zuchwil</title>
<meta name="description" content="Ultraschall | Coiffure &amp; Kosmetik Katrin - Zuchwil %" />
<meta name="robots" content="index, follow, max-snippet:-1, max-image-preview:large, max-video-preview:-1" />
<link rel="canonical" href="https://coiffurekatrin.ch/ck/ultraschall/" />
<meta property="og:locale" content="de_DE" />
<meta property="og:type" content="article" />
<meta property="og:title" content="Ultraschall | Coiffure &amp; Kosmetik Katrin - Zuchwil" />
<meta property="og:description" content="Ultraschall | Coiffure &amp; Kosmetik Katrin - Zuchwil %" />
<meta property="og:url" content="https://coiffurekatrin.ch/ck/ultraschall/" />
<meta property="og:site_name" content="Coiffure &amp; Kosmetik Katrin - Zuchwil" />
<meta property="article:publisher" content="https://www.facebook.com/coiffurekatrin/" />
<meta property="article:modified_time" content="2021-02-24T17:29:48+00:00" />
<meta name="twitter:label1" content="Geschätzte Lesezeit" />
	<meta name="twitter:data1" content="1 Minute" />
<script type="application/ld+json" class="yoast-schema-graph">{"@context":"https:\/\/schema.org","@graph":[{"@type":"WebPage","@id":"https:\/\/coiffurekatrin.ch\/ck\/ultraschall\/","url":"https:\/\/coiffurekatrin.ch\/ck\/ultraschall\/","name":"Ultraschall | Coiffure &amp; Kosmetik Katrin - Zuchwil","isPartOf":{"@id":"https:\/\/coiffurekatrin.ch\/ck\/#website"},"datePublished":"2021-02-24T17:21:15+00:00","dateModified":"2021-02-24T17:29:48+00:00","description":"Ultraschall | Coiffure &amp; Kosmetik Katrin - Zuchwil %","breadcrumb":{"@id":"https:\/\/coiffurekatrin.ch\/ck\/ultraschall\/#breadcrumb"},"inLanguage":"de-CH","potentialAction":[{"@type":"ReadAction","target":["https:\/\/coiffurekatrin.ch\/ck\/ultraschall\/"]}]},{"@type":"BreadcrumbList","@id":"https:\/\/coiffurekatrin.ch\/ck\/ultraschall\/#breadcrumb","itemListElement":[{"@type":"ListItem","position":1,"name":"Home","item":"https:\/\/coiffurekatrin.ch\/ck\/"},{"@type":"ListItem","position":2,"name":"Ultraschall"}]},{"@type":"WebSite","@id":"https:\/\/coiffurekatrin.ch\/ck\/#website","url":"https:\/\/coiffurekatrin.ch\/ck\/","name":"Coiffure &amp; Kosmetik Katrin - Zuchwil","description":"Ihr Coiffeursalon &amp; Kosmetikstudio in Zuchwil","publisher":{"@id":"https:\/\/coiffurekatrin.ch\/ck\/#organization"},"potentialAction":[{"@type":"SearchAction","target":{"@type":"EntryPoint","urlTemplate":"https:\/\/coiffurekatrin.ch\/ck\/?s={search_term_string}"},"query-input":{"@type":"PropertyValueSpecification","valueRequired":true,"valueName":"search_term_string"}}],"inLanguage":"de-CH"},{"@type":"Organization","@id":"https:\/\/coiffurekatrin.ch\/ck\/#organization","name":"Coiffure & Kosmetik Katrin","url":"https:\/\/coiffurekatrin.ch\/ck\/","logo":{"@type":"ImageObject","inLanguage":"de-CH","@id":"https:\/\/coiffurekatrin.ch\/ck\/#\/schema\/logo\/image\/","url":"https:\/\/coiffurekatrin.ch\/ck\/wp-content\/uploads\/2021\/01\/Logo_CK-Katrin-1.png","contentUrl":"https:\/\/coiffurekatrin.ch\/ck\/wp-content\/uploads\/2021\/01\/Logo_CK-Katrin-1.png","width":286,"height":31,"caption":"Coiffure & Kosmetik Katrin"},"image":{"@id":"https:\/\/coiffurekatrin.ch\/ck\/#\/schema\/logo\/image\/"},"sameAs":["https:\/\/www.facebook.com\/coiffurekatrin\/"]}]}</script>
<!-- / Yoast SEO plugin. -->
