{"id":1627,"date":"2021-01-31T10:24:38","date_gmt":"2021-01-31T10:24:38","guid":{"rendered":"https:\/\/coiffurekatrin.ch\/ck\/?page_id=1627"},"modified":"2024-04-11T20:24:25","modified_gmt":"2024-04-11T20:24:25","slug":"preisliste-coiffure","status":"publish","type":"page","link":"https:\/\/coiffurekatrin.ch\/ck\/preisliste-coiffure\/","title":{"rendered":"Preisliste Coiffure"},"content":{"rendered":"<div class=\"wpb-content-wrapper\"><p>[vc_row][vc_column]<div class=\"wpb_content_element\" style=\"text-align:center;\"><h5 style=\"border:3px double #000000;background-color:#ffffff;color:#000000;padding:20px 25px;display:inline-block;\">Unser professionelles Haarteam f\u00fchrt vor Ihrem Termin ein ausf\u00fchrliches und kostenloses Beratungsgespr\u00e4ch durch, um Ihr Haar und eventuelle Stil\u00e4nderungen zu beurteilen.<\/h5><\/div><div class=\"ozy-price-list ozy-border-color\"><table><tr><th>&nbsp;<\/th><th><\/th><\/tr><tr class=\"\"><td class=\"label\"><i class=\"oic-flaticon-hair47\"><\/i>Herren W\/S\/F<\/td><td class=\"v\">53.-<\/td><\/tr><tr class=\"\"><td class=\"label\"><i class=\"oic-flaticon-woman70\"><\/i>Damen W\/S\/F<\/td><td class=\"v\">81.-<\/td><\/tr><tr class=\"\"><td class=\"label\"><i class=\"oic-flaticon-scissors29\"><\/i>Kinder bis 7 Jahren<\/td><td class=\"v\">25.-<\/td><\/tr><tr class=\"\"><td class=\"label\"><\/td><td class=\"v\"><\/td><\/tr><tr class=\"\"><td class=\"label\">F\u00e4rben<\/td><td class=\"v\">87.-<\/td><\/tr><tr class=\"\"><td class=\"label\">T\u00f6nung<\/td><td class=\"v\">ab 67.-<\/td><\/tr><tr class=\"\"><td class=\"label\">Str\u00e4hnen<\/td><td class=\"v\">ab 87.-<\/td><\/tr><tr class=\"\"><td class=\"label\">Dauerwelle<\/td><td class=\"v\">ab 85.-<\/td><\/tr><tr class=\"\"><td class=\"label\">Hochstecke<\/td><td class=\"v\">ab 55.-<\/td><\/tr><tr class=\"\"><td class=\"label\">Brautfrisur inkl. Probefrisieren<\/td><td class=\"v\">180.-<\/td><\/tr><tr class=\"\"><td class=\"label\">Braut Make-up inkl. Porobe Make-up<\/td><td class=\"v\">185.-<\/td><\/tr><tr class=\"\"><td class=\"label\">Brauen zupfen<\/td><td class=\"v\">20.-<\/td><\/tr><tr class=\"\"><td class=\"label\">Brauen f\u00e4rben<\/td><td class=\"v\">30.-<\/td><\/tr><tr class=\"\"><td class=\"label\">Wimpern f\u00e4rben<\/td><td class=\"v\">39.-<\/td><\/tr><\/table><\/div>[\/vc_column][\/vc_row]<\/p>\n<\/div>","protected":false},"excerpt":{"rendered":"<p>[vc_row][vc_column][\/vc_column][\/vc_row]<\/p>\n","protected":false},"author":1,"featured_media":0,"parent":0,"menu_order":0,"comment_status":"closed","ping_status":"closed","template":"","meta":{"footnotes":""},"class_list":["post-1627","page","type-page","status-publish","hentry"],"yoast_head":"<!-- This site is optimized with the Yoast SEO plugin v27.4 - https:\/\/yoast.com\/product\/yoast-seo-wordpress\/ -->\n<title>Preisliste Coiffure | Coiffure &amp; Kosmetik Katrin - Zuchwil | Coiffeursalon Katrin | Zuchwil<\/title>\n<meta name=\"description\" content=\"Coiffure &amp; Kosmetik Katrin - Zuchwil Preisliste Coiffure | Nail Design,Permanent Make-Up,Camouflage,Lymphdrainage,Gesichtsbehandlung, Haarentfernung, Wimpernverl\u00e4ngerung, Eyalash lifting\" \/>\n<meta name=\"robots\" content=\"index, follow, max-snippet:-1, max-image-preview:large, max-video-preview:-1\" \/>\n<link rel=\"canonical\" href=\"https:\/\/coiffurekatrin.ch\/ck\/preisliste-coiffure\/\" \/>\n<meta property=\"og:locale\" content=\"de_DE\" \/>\n<meta property=\"og:type\" content=\"article\" \/>\n<meta property=\"og:title\" content=\"Preisliste Coiffure | Coiffure &amp; Kosmetik Katrin - Zuchwil | Coiffeursalon Katrin | Zuchwil\" \/>\n<meta property=\"og:description\" content=\"Coiffure &amp; Kosmetik Katrin - Zuchwil Preisliste Coiffure | Nail Design,Permanent Make-Up,Camouflage,Lymphdrainage,Gesichtsbehandlung, Haarentfernung, Wimpernverl\u00e4ngerung, Eyalash lifting\" \/>\n<meta property=\"og:url\" content=\"https:\/\/coiffurekatrin.ch\/ck\/preisliste-coiffure\/\" \/>\n<meta property=\"og:site_name\" content=\"Coiffure &amp; Kosmetik Katrin - Zuchwil\" \/>\n<meta property=\"article:publisher\" content=\"https:\/\/www.facebook.com\/coiffurekatrin\/\" \/>\n<meta property=\"article:modified_time\" content=\"2024-04-11T20:24:25+00:00\" \/>\n<meta name=\"twitter:label1\" content=\"Gesch\u00e4tzte Lesezeit\" \/>\n\t<meta name=\"twitter:data1\" content=\"1\u00a0Minute\" \/>\n<script type=\"application\/ld+json\" class=\"yoast-schema-graph\">{\"@context\":\"https:\\\/\\\/schema.org\",\"@graph\":[{\"@type\":\"WebPage\",\"@id\":\"https:\\\/\\\/coiffurekatrin.ch\\\/ck\\\/preisliste-coiffure\\\/\",\"url\":\"https:\\\/\\\/coiffurekatrin.ch\\\/ck\\\/preisliste-coiffure\\\/\",\"name\":\"Preisliste Coiffure | Coiffure &amp; Kosmetik Katrin - Zuchwil | Coiffeursalon Katrin | Zuchwil\",\"isPartOf\":{\"@id\":\"https:\\\/\\\/coiffurekatrin.ch\\\/ck\\\/#website\"},\"datePublished\":\"2021-01-31T10:24:38+00:00\",\"dateModified\":\"2024-04-11T20:24:25+00:00\",\"description\":\"Coiffure &amp; Kosmetik Katrin - Zuchwil Preisliste Coiffure | Nail Design,Permanent Make-Up,Camouflage,Lymphdrainage,Gesichtsbehandlung, Haarentfernung, Wimpernverl\u00e4ngerung, Eyalash lifting\",\"breadcrumb\":{\"@id\":\"https:\\\/\\\/coiffurekatrin.ch\\\/ck\\\/preisliste-coiffure\\\/#breadcrumb\"},\"inLanguage\":\"de-CH\",\"potentialAction\":[{\"@type\":\"ReadAction\",\"target\":[\"https:\\\/\\\/coiffurekatrin.ch\\\/ck\\\/preisliste-coiffure\\\/\"]}]},{\"@type\":\"BreadcrumbList\",\"@id\":\"https:\\\/\\\/coiffurekatrin.ch\\\/ck\\\/preisliste-coiffure\\\/#breadcrumb\",\"itemListElement\":[{\"@type\":\"ListItem\",\"position\":1,\"name\":\"Home\",\"item\":\"https:\\\/\\\/coiffurekatrin.ch\\\/ck\\\/\"},{\"@type\":\"ListItem\",\"position\":2,\"name\":\"Preisliste Coiffure\"}]},{\"@type\":\"WebSite\",\"@id\":\"https:\\\/\\\/coiffurekatrin.ch\\\/ck\\\/#website\",\"url\":\"https:\\\/\\\/coiffurekatrin.ch\\\/ck\\\/\",\"name\":\"Coiffure &amp; Kosmetik Katrin - Zuchwil\",\"description\":\"Ihr Coiffeursalon &amp; Kosmetikstudio in Zuchwil\",\"publisher\":{\"@id\":\"https:\\\/\\\/coiffurekatrin.ch\\\/ck\\\/#organization\"},\"potentialAction\":[{\"@type\":\"SearchAction\",\"target\":{\"@type\":\"EntryPoint\",\"urlTemplate\":\"https:\\\/\\\/coiffurekatrin.ch\\\/ck\\\/?s={search_term_string}\"},\"query-input\":{\"@type\":\"PropertyValueSpecification\",\"valueRequired\":true,\"valueName\":\"search_term_string\"}}],\"inLanguage\":\"de-CH\"},{\"@type\":\"Organization\",\"@id\":\"https:\\\/\\\/coiffurekatrin.ch\\\/ck\\\/#organization\",\"name\":\"Coiffure & Kosmetik Katrin\",\"url\":\"https:\\\/\\\/coiffurekatrin.ch\\\/ck\\\/\",\"logo\":{\"@type\":\"ImageObject\",\"inLanguage\":\"de-CH\",\"@id\":\"https:\\\/\\\/coiffurekatrin.ch\\\/ck\\\/#\\\/schema\\\/logo\\\/image\\\/\",\"url\":\"https:\\\/\\\/coiffurekatrin.ch\\\/ck\\\/wp-content\\\/uploads\\\/2021\\\/01\\\/Logo_CK-Katrin-1.png\",\"contentUrl\":\"https:\\\/\\\/coiffurekatrin.ch\\\/ck\\\/wp-content\\\/uploads\\\/2021\\\/01\\\/Logo_CK-Katrin-1.png\",\"width\":286,\"height\":31,\"caption\":\"Coiffure & Kosmetik Katrin\"},\"image\":{\"@id\":\"https:\\\/\\\/coiffurekatrin.ch\\\/ck\\\/#\\\/schema\\\/logo\\\/image\\\/\"},\"sameAs\":[\"https:\\\/\\\/www.facebook.com\\\/coiffurekatrin\\\/\"]}]}<\/script>\n<!-- \/ Yoast SEO plugin. -->","yoast_head_json":{"title":"Preisliste Coiffure | Coiffure &amp; Kosmetik Katrin - Zuchwil | Coiffeursalon Katrin | Zuchwil","description":"Coiffure &amp; Kosmetik Katrin - Zuchwil Preisliste Coiffure | Nail Design,Permanent Make-Up,Camouflage,Lymphdrainage,Gesichtsbehandlung, Haarentfernung, Wimpernverl\u00e4ngerung, Eyalash lifting","robots":{"index":"index","follow":"follow","max-snippet":"max-snippet:-1","max-image-preview":"max-image-preview:large","max-video-preview":"max-video-preview:-1"},"canonical":"https:\/\/coiffurekatrin.ch\/ck\/preisliste-coiffure\/","og_locale":"de_DE","og_type":"article","og_title":"Preisliste Coiffure | Coiffure &amp; Kosmetik Katrin - Zuchwil | Coiffeursalon Katrin | Zuchwil","og_description":"Coiffure &amp; Kosmetik Katrin - Zuchwil Preisliste Coiffure | Nail Design,Permanent Make-Up,Camouflage,Lymphdrainage,Gesichtsbehandlung, Haarentfernung, Wimpernverl\u00e4ngerung, Eyalash lifting","og_url":"https:\/\/coiffurekatrin.ch\/ck\/preisliste-coiffure\/","og_site_name":"Coiffure &amp; Kosmetik Katrin - Zuchwil","article_publisher":"https:\/\/www.facebook.com\/coiffurekatrin\/","article_modified_time":"2024-04-11T20:24:25+00:00","twitter_misc":{"Gesch\u00e4tzte Lesezeit":"1\u00a0Minute"},"schema":{"@context":"https:\/\/schema.org","@graph":[{"@type":"WebPage","@id":"https:\/\/coiffurekatrin.ch\/ck\/preisliste-coiffure\/","url":"https:\/\/coiffurekatrin.ch\/ck\/preisliste-coiffure\/","name":"Preisliste Coiffure | Coiffure &amp; Kosmetik Katrin - Zuchwil | Coiffeursalon Katrin | Zuchwil","isPartOf":{"@id":"https:\/\/coiffurekatrin.ch\/ck\/#website"},"datePublished":"2021-01-31T10:24:38+00:00","dateModified":"2024-04-11T20:24:25+00:00","description":"Coiffure &amp; Kosmetik Katrin - Zuchwil Preisliste Coiffure | Nail Design,Permanent Make-Up,Camouflage,Lymphdrainage,Gesichtsbehandlung, Haarentfernung, Wimpernverl\u00e4ngerung, Eyalash lifting","breadcrumb":{"@id":"https:\/\/coiffurekatrin.ch\/ck\/preisliste-coiffure\/#breadcrumb"},"inLanguage":"de-CH","potentialAction":[{"@type":"ReadAction","target":["https:\/\/coiffurekatrin.ch\/ck\/preisliste-coiffure\/"]}]},{"@type":"BreadcrumbList","@id":"https:\/\/coiffurekatrin.ch\/ck\/preisliste-coiffure\/#breadcrumb","itemListElement":[{"@type":"ListItem","position":1,"name":"Home","item":"https:\/\/coiffurekatrin.ch\/ck\/"},{"@type":"ListItem","position":2,"name":"Preisliste Coiffure"}]},{"@type":"WebSite","@id":"https:\/\/coiffurekatrin.ch\/ck\/#website","url":"https:\/\/coiffurekatrin.ch\/ck\/","name":"Coiffure &amp; Kosmetik Katrin - Zuchwil","description":"Ihr Coiffeursalon &amp; Kosmetikstudio in Zuchwil","publisher":{"@id":"https:\/\/coiffurekatrin.ch\/ck\/#organization"},"potentialAction":[{"@type":"SearchAction","target":{"@type":"EntryPoint","urlTemplate":"https:\/\/coiffurekatrin.ch\/ck\/?s={search_term_string}"},"query-input":{"@type":"PropertyValueSpecification","valueRequired":true,"valueName":"search_term_string"}}],"inLanguage":"de-CH"},{"@type":"Organization","@id":"https:\/\/coiffurekatrin.ch\/ck\/#organization","name":"Coiffure & Kosmetik Katrin","url":"https:\/\/coiffurekatrin.ch\/ck\/","logo":{"@type":"ImageObject","inLanguage":"de-CH","@id":"https:\/\/coiffurekatrin.ch\/ck\/#\/schema\/logo\/image\/","url":"https:\/\/coiffurekatrin.ch\/ck\/wp-content\/uploads\/2021\/01\/Logo_CK-Katrin-1.png","contentUrl":"https:\/\/coiffurekatrin.ch\/ck\/wp-content\/uploads\/2021\/01\/Logo_CK-Katrin-1.png","width":286,"height":31,"caption":"Coiffure & Kosmetik Katrin"},"image":{"@id":"https:\/\/coiffurekatrin.ch\/ck\/#\/schema\/logo\/image\/"},"sameAs":["https:\/\/www.facebook.com\/coiffurekatrin\/"]}]}},"_links":{"self":[{"href":"https:\/\/coiffurekatrin.ch\/ck\/wp-json\/wp\/v2\/pages\/1627","targetHints":{"allow":["GET"]}}],"collection":[{"href":"https:\/\/coiffurekatrin.ch\/ck\/wp-json\/wp\/v2\/pages"}],"about":[{"href":"https:\/\/coiffurekatrin.ch\/ck\/wp-json\/wp\/v2\/types\/page"}],"author":[{"embeddable":true,"href":"https:\/\/coiffurekatrin.ch\/ck\/wp-json\/wp\/v2\/users\/1"}],"replies":[{"embeddable":true,"href":"https:\/\/coiffurekatrin.ch\/ck\/wp-json\/wp\/v2\/comments?post=1627"}],"version-history":[{"count":8,"href":"https:\/\/coiffurekatrin.ch\/ck\/wp-json\/wp\/v2\/pages\/1627\/revisions"}],"predecessor-version":[{"id":1928,"href":"https:\/\/coiffurekatrin.ch\/ck\/wp-json\/wp\/v2\/pages\/1627\/revisions\/1928"}],"wp:attachment":[{"href":"https:\/\/coiffurekatrin.ch\/ck\/wp-json\/wp\/v2\/media?parent=1627"}],"curies":[{"name":"wp","href":"https:\/\/api.w.org\/{rel}","templated":true}]}}

<div class="wpb-content-wrapper"><p>[vc_row][vc_column]<div class="wpb_content_element" style="text-align:center;"><h5 style="border:3px double #000000;background-color:#ffffff;color:#000000;padding:20px 25px;display:inline-block;">Unser professionelles Haarteam führt vor Ihrem Termin ein ausführliches und kostenloses Beratungsgespräch durch, um Ihr Haar und eventuelle Stiländerungen zu beurteilen.</h5></div><div class="ozy-price-list ozy-border-color"><table><tr><th>&nbsp;</th><th></th></tr><tr class=""><td class="label"><i class="oic-flaticon-hair47"></i>Herren W/S/F</td><td class="v">53.-</td></tr><tr class=""><td class="label"><i class="oic-flaticon-woman70"></i>Damen W/S/F</td><td class="v">81.-</td></tr><tr class=""><td class="label"><i class="oic-flaticon-scissors29"></i>Kinder bis 7 Jahren</td><td class="v">25.-</td></tr><tr class=""><td class="label"></td><td class="v"></td></tr><tr class=""><td class="label">Färben</td><td class="v">87.-</td></tr><tr class=""><td class="label">Tönung</td><td class="v">ab 67.-</td></tr><tr class=""><td class="label">Strähnen</td><td class="v">ab 87.-</td></tr><tr class=""><td class="label">Dauerwelle</td><td class="v">ab 85.-</td></tr><tr class=""><td class="label">Hochstecke</td><td class="v">ab 55.-</td></tr><tr class=""><td class="label">Brautfrisur inkl. Probefrisieren</td><td class="v">180.-</td></tr><tr class=""><td class="label">Braut Make-up inkl. Porobe Make-up</td><td class="v">185.-</td></tr><tr class=""><td class="label">Brauen zupfen</td><td class="v">20.-</td></tr><tr class=""><td class="label">Brauen färben</td><td class="v">30.-</td></tr><tr class=""><td class="label">Wimpern färben</td><td class="v">39.-</td></tr></table></div>[/vc_column][/vc_row]</p>
</div>

<!-- This site is optimized with the Yoast SEO plugin v27.4 - https://yoast.com/product/yoast-seo-wordpress/ -->
<title>Preisliste Coiffure | Coiffure &amp; Kosmetik Katrin - Zuchwil | Coiffeursalon Katrin | Zuchwil</title>
<meta name="description" content="Coiffure &amp; Kosmetik Katrin - Zuchwil Preisliste Coiffure | Nail Design,Permanent Make-Up,Camouflage,Lymphdrainage,Gesichtsbehandlung, Haarentfernung, Wimpernverlängerung, Eyalash lifting" />
<meta name="robots" content="index, follow, max-snippet:-1, max-image-preview:large, max-video-preview:-1" />
<link rel="canonical" href="https://coiffurekatrin.ch/ck/preisliste-coiffure/" />
<meta property="og:locale" content="de_DE" />
<meta property="og:type" content="article" />
<meta property="og:title" content="Preisliste Coiffure | Coiffure &amp; Kosmetik Katrin - Zuchwil | Coiffeursalon Katrin | Zuchwil" />
<meta property="og:description" content="Coiffure &amp; Kosmetik Katrin - Zuchwil Preisliste Coiffure | Nail Design,Permanent Make-Up,Camouflage,Lymphdrainage,Gesichtsbehandlung, Haarentfernung, Wimpernverlängerung, Eyalash lifting" />
<meta property="og:url" content="https://coiffurekatrin.ch/ck/preisliste-coiffure/" />
<meta property="og:site_name" content="Coiffure &amp; Kosmetik Katrin - Zuchwil" />
<meta property="article:publisher" content="https://www.facebook.com/coiffurekatrin/" />
<meta property="article:modified_time" content="2024-04-11T20:24:25+00:00" />
<meta name="twitter:label1" content="Geschätzte Lesezeit" />
	<meta name="twitter:data1" content="1 Minute" />
<script type="application/ld+json" class="yoast-schema-graph">{"@context":"https:\/\/schema.org","@graph":[{"@type":"WebPage","@id":"https:\/\/coiffurekatrin.ch\/ck\/preisliste-coiffure\/","url":"https:\/\/coiffurekatrin.ch\/ck\/preisliste-coiffure\/","name":"Preisliste Coiffure | Coiffure &amp; Kosmetik Katrin - Zuchwil | Coiffeursalon Katrin | Zuchwil","isPartOf":{"@id":"https:\/\/coiffurekatrin.ch\/ck\/#website"},"datePublished":"2021-01-31T10:24:38+00:00","dateModified":"2024-04-11T20:24:25+00:00","description":"Coiffure &amp; Kosmetik Katrin - Zuchwil Preisliste Coiffure | Nail Design,Permanent Make-Up,Camouflage,Lymphdrainage,Gesichtsbehandlung, Haarentfernung, Wimpernverlängerung, Eyalash lifting","breadcrumb":{"@id":"https:\/\/coiffurekatrin.ch\/ck\/preisliste-coiffure\/#breadcrumb"},"inLanguage":"de-CH","potentialAction":[{"@type":"ReadAction","target":["https:\/\/coiffurekatrin.ch\/ck\/preisliste-coiffure\/"]}]},{"@type":"BreadcrumbList","@id":"https:\/\/coiffurekatrin.ch\/ck\/preisliste-coiffure\/#breadcrumb","itemListElement":[{"@type":"ListItem","position":1,"name":"Home","item":"https:\/\/coiffurekatrin.ch\/ck\/"},{"@type":"ListItem","position":2,"name":"Preisliste Coiffure"}]},{"@type":"WebSite","@id":"https:\/\/coiffurekatrin.ch\/ck\/#website","url":"https:\/\/coiffurekatrin.ch\/ck\/","name":"Coiffure &amp; Kosmetik Katrin - Zuchwil","description":"Ihr Coiffeursalon &amp; Kosmetikstudio in Zuchwil","publisher":{"@id":"https:\/\/coiffurekatrin.ch\/ck\/#organization"},"potentialAction":[{"@type":"SearchAction","target":{"@type":"EntryPoint","urlTemplate":"https:\/\/coiffurekatrin.ch\/ck\/?s={search_term_string}"},"query-input":{"@type":"PropertyValueSpecification","valueRequired":true,"valueName":"search_term_string"}}],"inLanguage":"de-CH"},{"@type":"Organization","@id":"https:\/\/coiffurekatrin.ch\/ck\/#organization","name":"Coiffure & Kosmetik Katrin","url":"https:\/\/coiffurekatrin.ch\/ck\/","logo":{"@type":"ImageObject","inLanguage":"de-CH","@id":"https:\/\/coiffurekatrin.ch\/ck\/#\/schema\/logo\/image\/","url":"https:\/\/coiffurekatrin.ch\/ck\/wp-content\/uploads\/2021\/01\/Logo_CK-Katrin-1.png","contentUrl":"https:\/\/coiffurekatrin.ch\/ck\/wp-content\/uploads\/2021\/01\/Logo_CK-Katrin-1.png","width":286,"height":31,"caption":"Coiffure & Kosmetik Katrin"},"image":{"@id":"https:\/\/coiffurekatrin.ch\/ck\/#\/schema\/logo\/image\/"},"sameAs":["https:\/\/www.facebook.com\/coiffurekatrin\/"]}]}</script>
<!-- / Yoast SEO plugin. -->

Coiffure &amp; Kosmetik Katrin - Zuchwil Preisliste Coiffure | Nail Design,Permanent Make-Up,Camouflage,Lymphdrainage,Gesichtsbehandlung, Haarentfernung, Wimpernverlängerung, Eyalash lifting
